{"id":184,"date":"2020-12-13T13:12:24","date_gmt":"2020-12-13T13:12:24","guid":{"rendered":"https:\/\/sv-adamitz.de\/?page_id=184"},"modified":"2021-11-04T15:28:23","modified_gmt":"2021-11-04T15:28:23","slug":"erdwaermesondenanlagen","status":"publish","type":"page","link":"https:\/\/sv-adamitz.de\/?page_id=184","title":{"rendered":"Erdw\u00e4rmesondenanlagen"},"content":{"rendered":"\n<div class=\"wp-block-themeisle-blocks-advanced-columns has-2-columns has-desktop-twoOne-layout has-tablet-equal-layout has-mobile-collapsedRows-layout has-default-gap has-vertical-unset\" id=\"wp-block-themeisle-blocks-advanced-columns-fa8cf6db\"><div class=\"wp-block-themeisle-blocks-advanced-columns-overlay\"><\/div><div class=\"innerblocks-wrap\">\n<div class=\"wp-block-themeisle-blocks-advanced-column\" id=\"wp-block-themeisle-blocks-advanced-column-ac5f9464\">\n<h3 class=\"wp-block-heading\" id=\"block-ee50a246-79d0-4302-9fe1-4c7cc163fd4e\">Pr\u00fcfung Ihrer Erdw\u00e4rmesondenanlage nach der Verordnung \u00fcber Anlagen zum Umgang mit wassergef\u00e4hrdenden Stoffen <strong>(AwSV)<\/strong><\/h3>\n\n\n\n<h4 class=\"wp-block-heading\" id=\"block-a067d000-1280-4784-85cc-87122be1cc06\">&#8211; Wiederkehrende Pr\u00fcfung<\/h4>\n\n\n\n<h4 class=\"wp-block-heading\" id=\"block-efdd5b34-07e3-4603-b521-7c3105554d96\">&#8211; Erstpr\u00fcfung gem\u00e4\u00df AwSV von bestehenden Anlagen<\/h4>\n\n\n\n<h4 class=\"wp-block-heading\" id=\"block-9e8704b6-6d35-49f4-82b0-c0cbf9db4c52\">&#8211; Pr\u00fcfung vor Inbetriebnahme<\/h4>\n\n\n\n<h4 class=\"wp-block-heading\" id=\"block-c4da2587-9cd2-44e7-91dc-6c5a38df8dd1\">&#8211; Pr\u00fcfung nach einer wesentlichen \u00c4nderung<\/h4>\n\n\n\n<h4 class=\"wp-block-heading\" id=\"block-561b12cd-39bb-4474-a9ba-ae23a1f9d3f4\">&#8211; Pr\u00fcfung bei Stilllegung einer Anlage<\/h4>\n\n\n\n<h4 class=\"wp-block-heading\" id=\"block-6b457321-cfba-45ef-bfc2-094905a8050d\">&#8211; Nachpr\u00fcfungen nach M\u00e4ngelbeseitigung<\/h4>\n\n\n\n<h4 class=\"wp-block-heading\" id=\"block-862783bf-b30c-4920-9ba7-c8c6cae046b4\">&#8211; Korrespondenzen mit der zust\u00e4ndigen Beh\u00f6rde<\/h4>\n\n\n\n<h4 class=\"wp-block-heading\" id=\"block-49776e07-5602-41db-bd4a-de3a6e43b59e\">&#8211; Gutachterliche Stellungnahme<\/h4>\n\n\n\n<h4 class=\"wp-block-heading\" id=\"block-49776e07-5602-41db-bd4a-de3a6e43b59e\">&#8211; Baubegleitende Beratung<\/h4>\n\n\n\n<p id=\"block-bc9e268d-227e-42a5-ba91-7e513aadfaf4\"><strong>Fragen? Gerne berate ich Sie und erstelle Ihnen ein individuelles Angebot. Tel: 0151 416 38 416<\/strong><\/p>\n\n\n\n<p id=\"block-2c720acc-7b04-46e8-b759-a7d3dea4cb68\"><a href=\"https:\/\/sv-adamitz.de\/?page_id=97\"><code><i class=\"wp-svg-forward forward\"><\/i><\/code> Kontaktformular<\/a><\/p>\n<\/div>\n\n\n\n<div class=\"wp-block-themeisle-blocks-advanced-column\" id=\"wp-block-themeisle-blocks-advanced-column-44786bca\">\n<h4 class=\"wp-block-heading\"><strong>Wiederkehrende Pr\u00fcfpflicht<\/strong>:<\/h4>\n\n\n\n<ol class=\"wp-block-list\"><li>Alle unterirdischen Anlagen<\/li><li>Auf Anordnung der zust\u00e4ndigen Beh\u00f6rde<\/li><\/ol>\n\n\n\n<br><h4><strong>Pr\u00fcfung vor Inbetriebnahme\noder nach einer wesentlichen \u00c4nderung<\/strong>:<\/h4>\n\n\n\n<ol class=\"wp-block-list\"><li>Alle unterirdischen Anlagen<\/li><li>Auf Anordnung der zust\u00e4ndigen Beh\u00f6rdee<\/li><\/ol>\n\n\n\n<br><h4><strong>Pr\u00fcfung bei Stilllegung<\/strong>:<\/h4>\n\n\n\n<ol class=\"wp-block-list\"><li>Alle unterirdischen Anlagen<\/li><li>Auf Anordnung der zust\u00e4ndigen Beh\u00f6rde<\/li><\/ol>\n\n\n\n<br><p><strong>Hinweis: <\/strong>Oft wird bei Errichtung eine baubegleitende Beratung seitens der Beh\u00f6rden gefordert.<\/p>\n<\/div>\n<\/div><\/div>\n","protected":false},"excerpt":{"rendered":"","protected":false},"author":1,"featured_media":0,"parent":0,"menu_order":0,"comment_status":"closed","ping_status":"closed","template":"","meta":{"neve_meta_sidebar":"full-width","neve_meta_container":"","neve_meta_enable_content_width":"on","neve_meta_content_width":100,"neve_meta_title_alignment":"","neve_meta_author_avatar":"","neve_post_elements_order":"","neve_meta_disable_header":"","neve_meta_disable_footer":"","neve_meta_disable_title":"","ngg_post_thumbnail":0,"_themeisle_gutenberg_block_has_review":false,"footnotes":""},"class_list":["post-184","page","type-page","status-publish","hentry"],"yoast_head":"<!-- This site is optimized with the Yoast SEO plugin v27.3 - https:\/\/yoast.com\/product\/yoast-seo-wordpress\/ -->\n<title>Erdw\u00e4rmesondenanlagen - SV-Adamitz<\/title>\n<meta name=\"description\" content=\"Pr\u00fcfungen, baubegleitende Beratung von Erdw\u00e4rmesondenanlagen gem\u00e4\u00df WHG \/ AwSV\" \/>\n<meta name=\"robots\" content=\"index, follow, max-snippet:-1, max-image-preview:large, max-video-preview:-1\" \/>\n<link rel=\"canonical\" href=\"https:\/\/sv-adamitz.de\/?page_id=184\" \/>\n<meta property=\"og:locale\" content=\"de_DE\" \/>\n<meta property=\"og:type\" content=\"article\" \/>\n<meta property=\"og:title\" content=\"Erdw\u00e4rmesondenanlagen - SV-Adamitz\" \/>\n<meta property=\"og:description\" content=\"Pr\u00fcfungen, baubegleitende Beratung von Erdw\u00e4rmesondenanlagen gem\u00e4\u00df WHG \/ AwSV\" \/>\n<meta property=\"og:url\" content=\"https:\/\/sv-adamitz.de\/?page_id=184\" \/>\n<meta property=\"og:site_name\" content=\"SV-Adamitz\" \/>\n<meta property=\"article:modified_time\" content=\"2021-11-04T15:28:23+00:00\" \/>\n<meta name=\"twitter:card\" content=\"summary_large_image\" \/>\n<meta name=\"twitter:label1\" content=\"Gesch\u00e4tzte Lesezeit\" \/>\n\t<meta name=\"twitter:data1\" content=\"1\u00a0Minute\" \/>\n<script type=\"application\/ld+json\" class=\"yoast-schema-graph\">{\"@context\":\"https:\\\/\\\/schema.org\",\"@graph\":[{\"@type\":\"WebPage\",\"@id\":\"https:\\\/\\\/sv-adamitz.de\\\/?page_id=184\",\"url\":\"https:\\\/\\\/sv-adamitz.de\\\/?page_id=184\",\"name\":\"Erdw\u00e4rmesondenanlagen - SV-Adamitz\",\"isPartOf\":{\"@id\":\"https:\\\/\\\/sv-adamitz.de\\\/#website\"},\"datePublished\":\"2020-12-13T13:12:24+00:00\",\"dateModified\":\"2021-11-04T15:28:23+00:00\",\"description\":\"Pr\u00fcfungen, baubegleitende Beratung von Erdw\u00e4rmesondenanlagen gem\u00e4\u00df WHG \\\/ AwSV\",\"breadcrumb\":{\"@id\":\"https:\\\/\\\/sv-adamitz.de\\\/?page_id=184#breadcrumb\"},\"inLanguage\":\"de\",\"potentialAction\":[{\"@type\":\"ReadAction\",\"target\":[\"https:\\\/\\\/sv-adamitz.de\\\/?page_id=184\"]}]},{\"@type\":\"BreadcrumbList\",\"@id\":\"https:\\\/\\\/sv-adamitz.de\\\/?page_id=184#breadcrumb\",\"itemListElement\":[{\"@type\":\"ListItem\",\"position\":1,\"name\":\"Startseite\",\"item\":\"https:\\\/\\\/sv-adamitz.de\\\/\"},{\"@type\":\"ListItem\",\"position\":2,\"name\":\"Erdw\u00e4rmesondenanlagen\"}]},{\"@type\":\"WebSite\",\"@id\":\"https:\\\/\\\/sv-adamitz.de\\\/#website\",\"url\":\"https:\\\/\\\/sv-adamitz.de\\\/\",\"name\":\"SV-Adamitz\",\"description\":\"AwSV \\\/ WHG\",\"publisher\":{\"@id\":\"https:\\\/\\\/sv-adamitz.de\\\/#organization\"},\"potentialAction\":[{\"@type\":\"SearchAction\",\"target\":{\"@type\":\"EntryPoint\",\"urlTemplate\":\"https:\\\/\\\/sv-adamitz.de\\\/?s={search_term_string}\"},\"query-input\":{\"@type\":\"PropertyValueSpecification\",\"valueRequired\":true,\"valueName\":\"search_term_string\"}}],\"inLanguage\":\"de\"},{\"@type\":\"Organization\",\"@id\":\"https:\\\/\\\/sv-adamitz.de\\\/#organization\",\"name\":\"Sachverst\u00e4ndigenb\u00fcro M.Eng. Dennis Adamitz\",\"url\":\"https:\\\/\\\/sv-adamitz.de\\\/\",\"logo\":{\"@type\":\"ImageObject\",\"inLanguage\":\"de\",\"@id\":\"https:\\\/\\\/sv-adamitz.de\\\/#\\\/schema\\\/logo\\\/image\\\/\",\"url\":\"https:\\\/\\\/sv-adamitz.de\\\/wp-content\\\/uploads\\\/2020\\\/12\\\/SV-Adamitz-Logo-1.png\",\"contentUrl\":\"https:\\\/\\\/sv-adamitz.de\\\/wp-content\\\/uploads\\\/2020\\\/12\\\/SV-Adamitz-Logo-1.png\",\"width\":893,\"height\":387,\"caption\":\"Sachverst\u00e4ndigenb\u00fcro M.Eng. Dennis Adamitz\"},\"image\":{\"@id\":\"https:\\\/\\\/sv-adamitz.de\\\/#\\\/schema\\\/logo\\\/image\\\/\"}}]}<\/script>\n<!-- \/ Yoast SEO plugin. -->","yoast_head_json":{"title":"Erdw\u00e4rmesondenanlagen - SV-Adamitz","description":"Pr\u00fcfungen, baubegleitende Beratung von Erdw\u00e4rmesondenanlagen gem\u00e4\u00df WHG \/ AwSV","robots":{"index":"index","follow":"follow","max-snippet":"max-snippet:-1","max-image-preview":"max-image-preview:large","max-video-preview":"max-video-preview:-1"},"canonical":"https:\/\/sv-adamitz.de\/?page_id=184","og_locale":"de_DE","og_type":"article","og_title":"Erdw\u00e4rmesondenanlagen - SV-Adamitz","og_description":"Pr\u00fcfungen, baubegleitende Beratung von Erdw\u00e4rmesondenanlagen gem\u00e4\u00df WHG \/ AwSV","og_url":"https:\/\/sv-adamitz.de\/?page_id=184","og_site_name":"SV-Adamitz","article_modified_time":"2021-11-04T15:28:23+00:00","twitter_card":"summary_large_image","twitter_misc":{"Gesch\u00e4tzte Lesezeit":"1\u00a0Minute"},"schema":{"@context":"https:\/\/schema.org","@graph":[{"@type":"WebPage","@id":"https:\/\/sv-adamitz.de\/?page_id=184","url":"https:\/\/sv-adamitz.de\/?page_id=184","name":"Erdw\u00e4rmesondenanlagen - SV-Adamitz","isPartOf":{"@id":"https:\/\/sv-adamitz.de\/#website"},"datePublished":"2020-12-13T13:12:24+00:00","dateModified":"2021-11-04T15:28:23+00:00","description":"Pr\u00fcfungen, baubegleitende Beratung von Erdw\u00e4rmesondenanlagen gem\u00e4\u00df WHG \/ AwSV","breadcrumb":{"@id":"https:\/\/sv-adamitz.de\/?page_id=184#breadcrumb"},"inLanguage":"de","potentialAction":[{"@type":"ReadAction","target":["https:\/\/sv-adamitz.de\/?page_id=184"]}]},{"@type":"BreadcrumbList","@id":"https:\/\/sv-adamitz.de\/?page_id=184#breadcrumb","itemListElement":[{"@type":"ListItem","position":1,"name":"Startseite","item":"https:\/\/sv-adamitz.de\/"},{"@type":"ListItem","position":2,"name":"Erdw\u00e4rmesondenanlagen"}]},{"@type":"WebSite","@id":"https:\/\/sv-adamitz.de\/#website","url":"https:\/\/sv-adamitz.de\/","name":"SV-Adamitz","description":"AwSV \/ WHG","publisher":{"@id":"https:\/\/sv-adamitz.de\/#organization"},"potentialAction":[{"@type":"SearchAction","target":{"@type":"EntryPoint","urlTemplate":"https:\/\/sv-adamitz.de\/?s={search_term_string}"},"query-input":{"@type":"PropertyValueSpecification","valueRequired":true,"valueName":"search_term_string"}}],"inLanguage":"de"},{"@type":"Organization","@id":"https:\/\/sv-adamitz.de\/#organization","name":"Sachverst\u00e4ndigenb\u00fcro M.Eng. Dennis Adamitz","url":"https:\/\/sv-adamitz.de\/","logo":{"@type":"ImageObject","inLanguage":"de","@id":"https:\/\/sv-adamitz.de\/#\/schema\/logo\/image\/","url":"https:\/\/sv-adamitz.de\/wp-content\/uploads\/2020\/12\/SV-Adamitz-Logo-1.png","contentUrl":"https:\/\/sv-adamitz.de\/wp-content\/uploads\/2020\/12\/SV-Adamitz-Logo-1.png","width":893,"height":387,"caption":"Sachverst\u00e4ndigenb\u00fcro M.Eng. Dennis Adamitz"},"image":{"@id":"https:\/\/sv-adamitz.de\/#\/schema\/logo\/image\/"}}]}},"_links":{"self":[{"href":"https:\/\/sv-adamitz.de\/index.php?rest_route=\/wp\/v2\/pages\/184","targetHints":{"allow":["GET"]}}],"collection":[{"href":"https:\/\/sv-adamitz.de\/index.php?rest_route=\/wp\/v2\/pages"}],"about":[{"href":"https:\/\/sv-adamitz.de\/index.php?rest_route=\/wp\/v2\/types\/page"}],"author":[{"embeddable":true,"href":"https:\/\/sv-adamitz.de\/index.php?rest_route=\/wp\/v2\/users\/1"}],"replies":[{"embeddable":true,"href":"https:\/\/sv-adamitz.de\/index.php?rest_route=%2Fwp%2Fv2%2Fcomments&post=184"}],"version-history":[{"count":4,"href":"https:\/\/sv-adamitz.de\/index.php?rest_route=\/wp\/v2\/pages\/184\/revisions"}],"predecessor-version":[{"id":270,"href":"https:\/\/sv-adamitz.de\/index.php?rest_route=\/wp\/v2\/pages\/184\/revisions\/270"}],"wp:attachment":[{"href":"https:\/\/sv-adamitz.de\/index.php?rest_route=%2Fwp%2Fv2%2Fmedia&parent=184"}],"curies":[{"name":"wp","href":"https:\/\/api.w.org\/{rel}","templated":true}]}}