{"id":318,"date":"2022-06-16T15:02:32","date_gmt":"2022-06-16T15:02:32","guid":{"rendered":"https:\/\/sv-adamitz.de\/?page_id=318"},"modified":"2022-06-16T15:02:33","modified_gmt":"2022-06-16T15:02:33","slug":"agbs","status":"publish","type":"page","link":"https:\/\/sv-adamitz.de\/?page_id=318","title":{"rendered":"AGBs"},"content":{"rendered":"\n<div class=\"wp-block-themeisle-blocks-advanced-columns has-2-columns has-desktop-twoOne-layout has-tablet-equal-layout has-mobile-equal-layout has-default-gap has-vertical-unset\" id=\"wp-block-themeisle-blocks-advanced-columns-542f941d\"><div class=\"wp-block-themeisle-blocks-advanced-columns-overlay\"><\/div><div class=\"innerblocks-wrap\">\n<div class=\"wp-block-themeisle-blocks-advanced-column\" id=\"wp-block-themeisle-blocks-advanced-column-b928f3d0\">\n<h2 class=\"wp-block-heading\">Gesch\u00e4ftsbedingungen<\/h2>\n\n\n\n<p><strong>I. Leistungen<\/strong><\/p>\n\n\n\n<p>1. Pr\u00fcfungen von Anlagen nach dem Wasserhaushaltsgesetz -WHG-, Beratungen sowie Schulungen von Betreibern und Fachbetrieben erfolgen nach gesetzlichen Vorgaben, Verordnungen, beh\u00f6rdlichen Vorschriften sowie nach den Regeln der Technik durch den Auftragnehmer.<\/p>\n\n\n\n<p>2. Das Pr\u00fcfergebnis wird dem Auftraggeber durch Erstellung eines Pr\u00fcfberichtes mitgeteilt. In den F\u00e4llen, in denen die Pflicht besteht oder eine entsprechende Vereinbarung mit dem Auftraggeber geschlossen wurde, erh\u00e4lt die zust\u00e4ndige \u00dcberwachungsbeh\u00f6rde vom Auftragnehmer eine Kopie des Pr\u00fcfberichtes.<\/p>\n\n\n\n<p><strong>II. Haftung<\/strong><\/p>\n\n\n\n<p>Die Haftung f\u00fcr gesetzliche Vertreter, f\u00fcr jeden Erf\u00fcllungs- oder Verrichtungsgehilfen sowie auch die Haftung dieses Personenkreises wird auf Vorsatz oder grobe Fahrl\u00e4ssigkeit beschr\u00e4nkt.<\/p>\n\n\n\n<p>Der Auftraggeber ist verpflichtet, Sch\u00e4den, f\u00fcr die der Auftragnehmer aufzukommen hat, diesem unverz\u00fcglich schriftlich anzuzeigen oder von diesem aufnehmen zu lassen.<\/p>\n\n\n\n<p><strong>III. Zahlungsweise<\/strong><\/p>\n\n\n\n<p>1. Die vom Auftragnehmer in Rechnung gestellten Betr\u00e4ge sind vom Auftraggeber bei der Anlagen\u00fcberpr\u00fcfung sofort f\u00e4llig oder nach Zugang der Rechnung ohne Abzug auf das Konto IBAN: DE33 1001 0010 0942 8771 09 BIC: PBNKDEFF zu \u00fcberweisen.<\/p>\n\n\n\n<p>2. Zahlungen, die nicht innerhalb von 30 Tagen nach F\u00e4lligkeit und Zugang einer Rechnung oder einer gleichwertigen Zahlungsaufforderung eingehen, sind gem\u00e4\u00df dem Gesetz zur Beschleunigung f\u00e4lliger Zahlungen (in Kraft getreten am 1. Mai 2000) mit 8 % zu verzinsen.<\/p>\n\n\n\n<p>3. Mahnkosten betragen \u20ac 10,00.<\/p>\n\n\n\n<p>4. F\u00fcr \u00dcberpr\u00fcfungen, die aus Gr\u00fcnden des Auftraggebers nicht zu Ende gef\u00fchrt werden k\u00f6nnen, werden die vollen Pr\u00fcfkosten berechnet.<\/p>\n\n\n\n<p>5. Nachpr\u00fcfungen sind kostenpflichtig.<\/p>\n\n\n\n<p><strong>IV. M\u00e4ngelbeseitigung<\/strong><\/p>\n\n\n\n<p>Einwendungen des Auftraggebers gegen Beratungs-, Pr\u00fcfergebnisse und Gutachten f\u00fchren zu einer Ergebnis\u00fcberpr\u00fcfung durch den Sachverst\u00e4ndigen. F\u00fcr sachlich unberechtigte Einwendungen fallen die Kosten dieser \u00dcberpr\u00fcfung dem Auftraggeber zur Last. Schadensersatzanspr\u00fcche, die nicht der kurzen Verj\u00e4hrungsfrist nach \u00a7 638 BGB unterliegen. verj\u00e4hren nach 3 Jahren. Die Verj\u00e4hrungsfrist beginnt mit der \u00dcbergabe des Pr\u00fcfungsergebnisses, Pr\u00fcfzeugnisses, Pr\u00fcfberichtes oder Gutachten an den Auftraggeber.<\/p>\n\n\n\n<p><strong>V. Gerichtsstandsvereinbarung<\/strong><\/p>\n\n\n\n<p>Ausschlie\u00dflicher Gerichtsstand f\u00fcr alle Streitigkeiten ist Hannover.<\/p>\n<\/div>\n\n\n\n<div class=\"wp-block-themeisle-blocks-advanced-column\" id=\"wp-block-themeisle-blocks-advanced-column-cfb3a419\"><\/div>\n<\/div><\/div>\n","protected":false},"excerpt":{"rendered":"","protected":false},"author":1,"featured_media":0,"parent":0,"menu_order":0,"comment_status":"closed","ping_status":"closed","template":"","meta":{"neve_meta_sidebar":"full-width","neve_meta_container":"","neve_meta_enable_content_width":"on","neve_meta_content_width":100,"neve_meta_title_alignment":"","neve_meta_author_avatar":"","neve_post_elements_order":"","neve_meta_disable_header":"","neve_meta_disable_footer":"","neve_meta_disable_title":"","ngg_post_thumbnail":0,"_themeisle_gutenberg_block_has_review":false,"footnotes":""},"class_list":["post-318","page","type-page","status-publish","hentry"],"yoast_head":"<!-- This site is optimized with the Yoast SEO plugin v27.3 - https:\/\/yoast.com\/product\/yoast-seo-wordpress\/ -->\n<title>AGBs - SV-Adamitz<\/title>\n<meta name=\"robots\" content=\"index, follow, max-snippet:-1, max-image-preview:large, max-video-preview:-1\" \/>\n<link rel=\"canonical\" href=\"https:\/\/sv-adamitz.de\/?page_id=318\" \/>\n<meta property=\"og:locale\" content=\"de_DE\" \/>\n<meta property=\"og:type\" content=\"article\" \/>\n<meta property=\"og:title\" content=\"AGBs - SV-Adamitz\" \/>\n<meta property=\"og:url\" content=\"https:\/\/sv-adamitz.de\/?page_id=318\" \/>\n<meta property=\"og:site_name\" content=\"SV-Adamitz\" \/>\n<meta property=\"article:modified_time\" content=\"2022-06-16T15:02:33+00:00\" \/>\n<meta name=\"twitter:card\" content=\"summary_large_image\" \/>\n<meta name=\"twitter:label1\" content=\"Gesch\u00e4tzte Lesezeit\" \/>\n\t<meta name=\"twitter:data1\" content=\"2\u00a0Minuten\" \/>\n<script type=\"application\/ld+json\" class=\"yoast-schema-graph\">{\"@context\":\"https:\\\/\\\/schema.org\",\"@graph\":[{\"@type\":\"WebPage\",\"@id\":\"https:\\\/\\\/sv-adamitz.de\\\/?page_id=318\",\"url\":\"https:\\\/\\\/sv-adamitz.de\\\/?page_id=318\",\"name\":\"AGBs - SV-Adamitz\",\"isPartOf\":{\"@id\":\"https:\\\/\\\/sv-adamitz.de\\\/#website\"},\"datePublished\":\"2022-06-16T15:02:32+00:00\",\"dateModified\":\"2022-06-16T15:02:33+00:00\",\"breadcrumb\":{\"@id\":\"https:\\\/\\\/sv-adamitz.de\\\/?page_id=318#breadcrumb\"},\"inLanguage\":\"de\",\"potentialAction\":[{\"@type\":\"ReadAction\",\"target\":[\"https:\\\/\\\/sv-adamitz.de\\\/?page_id=318\"]}]},{\"@type\":\"BreadcrumbList\",\"@id\":\"https:\\\/\\\/sv-adamitz.de\\\/?page_id=318#breadcrumb\",\"itemListElement\":[{\"@type\":\"ListItem\",\"position\":1,\"name\":\"Startseite\",\"item\":\"https:\\\/\\\/sv-adamitz.de\\\/\"},{\"@type\":\"ListItem\",\"position\":2,\"name\":\"AGBs\"}]},{\"@type\":\"WebSite\",\"@id\":\"https:\\\/\\\/sv-adamitz.de\\\/#website\",\"url\":\"https:\\\/\\\/sv-adamitz.de\\\/\",\"name\":\"SV-Adamitz\",\"description\":\"AwSV \\\/ WHG\",\"publisher\":{\"@id\":\"https:\\\/\\\/sv-adamitz.de\\\/#organization\"},\"potentialAction\":[{\"@type\":\"SearchAction\",\"target\":{\"@type\":\"EntryPoint\",\"urlTemplate\":\"https:\\\/\\\/sv-adamitz.de\\\/?s={search_term_string}\"},\"query-input\":{\"@type\":\"PropertyValueSpecification\",\"valueRequired\":true,\"valueName\":\"search_term_string\"}}],\"inLanguage\":\"de\"},{\"@type\":\"Organization\",\"@id\":\"https:\\\/\\\/sv-adamitz.de\\\/#organization\",\"name\":\"Sachverst\u00e4ndigenb\u00fcro M.Eng. Dennis Adamitz\",\"url\":\"https:\\\/\\\/sv-adamitz.de\\\/\",\"logo\":{\"@type\":\"ImageObject\",\"inLanguage\":\"de\",\"@id\":\"https:\\\/\\\/sv-adamitz.de\\\/#\\\/schema\\\/logo\\\/image\\\/\",\"url\":\"https:\\\/\\\/sv-adamitz.de\\\/wp-content\\\/uploads\\\/2020\\\/12\\\/SV-Adamitz-Logo-1.png\",\"contentUrl\":\"https:\\\/\\\/sv-adamitz.de\\\/wp-content\\\/uploads\\\/2020\\\/12\\\/SV-Adamitz-Logo-1.png\",\"width\":893,\"height\":387,\"caption\":\"Sachverst\u00e4ndigenb\u00fcro M.Eng. Dennis Adamitz\"},\"image\":{\"@id\":\"https:\\\/\\\/sv-adamitz.de\\\/#\\\/schema\\\/logo\\\/image\\\/\"}}]}<\/script>\n<!-- \/ Yoast SEO plugin. -->","yoast_head_json":{"title":"AGBs - SV-Adamitz","robots":{"index":"index","follow":"follow","max-snippet":"max-snippet:-1","max-image-preview":"max-image-preview:large","max-video-preview":"max-video-preview:-1"},"canonical":"https:\/\/sv-adamitz.de\/?page_id=318","og_locale":"de_DE","og_type":"article","og_title":"AGBs - SV-Adamitz","og_url":"https:\/\/sv-adamitz.de\/?page_id=318","og_site_name":"SV-Adamitz","article_modified_time":"2022-06-16T15:02:33+00:00","twitter_card":"summary_large_image","twitter_misc":{"Gesch\u00e4tzte Lesezeit":"2\u00a0Minuten"},"schema":{"@context":"https:\/\/schema.org","@graph":[{"@type":"WebPage","@id":"https:\/\/sv-adamitz.de\/?page_id=318","url":"https:\/\/sv-adamitz.de\/?page_id=318","name":"AGBs - SV-Adamitz","isPartOf":{"@id":"https:\/\/sv-adamitz.de\/#website"},"datePublished":"2022-06-16T15:02:32+00:00","dateModified":"2022-06-16T15:02:33+00:00","breadcrumb":{"@id":"https:\/\/sv-adamitz.de\/?page_id=318#breadcrumb"},"inLanguage":"de","potentialAction":[{"@type":"ReadAction","target":["https:\/\/sv-adamitz.de\/?page_id=318"]}]},{"@type":"BreadcrumbList","@id":"https:\/\/sv-adamitz.de\/?page_id=318#breadcrumb","itemListElement":[{"@type":"ListItem","position":1,"name":"Startseite","item":"https:\/\/sv-adamitz.de\/"},{"@type":"ListItem","position":2,"name":"AGBs"}]},{"@type":"WebSite","@id":"https:\/\/sv-adamitz.de\/#website","url":"https:\/\/sv-adamitz.de\/","name":"SV-Adamitz","description":"AwSV \/ WHG","publisher":{"@id":"https:\/\/sv-adamitz.de\/#organization"},"potentialAction":[{"@type":"SearchAction","target":{"@type":"EntryPoint","urlTemplate":"https:\/\/sv-adamitz.de\/?s={search_term_string}"},"query-input":{"@type":"PropertyValueSpecification","valueRequired":true,"valueName":"search_term_string"}}],"inLanguage":"de"},{"@type":"Organization","@id":"https:\/\/sv-adamitz.de\/#organization","name":"Sachverst\u00e4ndigenb\u00fcro M.Eng. Dennis Adamitz","url":"https:\/\/sv-adamitz.de\/","logo":{"@type":"ImageObject","inLanguage":"de","@id":"https:\/\/sv-adamitz.de\/#\/schema\/logo\/image\/","url":"https:\/\/sv-adamitz.de\/wp-content\/uploads\/2020\/12\/SV-Adamitz-Logo-1.png","contentUrl":"https:\/\/sv-adamitz.de\/wp-content\/uploads\/2020\/12\/SV-Adamitz-Logo-1.png","width":893,"height":387,"caption":"Sachverst\u00e4ndigenb\u00fcro M.Eng. Dennis Adamitz"},"image":{"@id":"https:\/\/sv-adamitz.de\/#\/schema\/logo\/image\/"}}]}},"_links":{"self":[{"href":"https:\/\/sv-adamitz.de\/index.php?rest_route=\/wp\/v2\/pages\/318","targetHints":{"allow":["GET"]}}],"collection":[{"href":"https:\/\/sv-adamitz.de\/index.php?rest_route=\/wp\/v2\/pages"}],"about":[{"href":"https:\/\/sv-adamitz.de\/index.php?rest_route=\/wp\/v2\/types\/page"}],"author":[{"embeddable":true,"href":"https:\/\/sv-adamitz.de\/index.php?rest_route=\/wp\/v2\/users\/1"}],"replies":[{"embeddable":true,"href":"https:\/\/sv-adamitz.de\/index.php?rest_route=%2Fwp%2Fv2%2Fcomments&post=318"}],"version-history":[{"count":2,"href":"https:\/\/sv-adamitz.de\/index.php?rest_route=\/wp\/v2\/pages\/318\/revisions"}],"predecessor-version":[{"id":320,"href":"https:\/\/sv-adamitz.de\/index.php?rest_route=\/wp\/v2\/pages\/318\/revisions\/320"}],"wp:attachment":[{"href":"https:\/\/sv-adamitz.de\/index.php?rest_route=%2Fwp%2Fv2%2Fmedia&parent=318"}],"curies":[{"name":"wp","href":"https:\/\/api.w.org\/{rel}","templated":true}]}}